{"id":901,"date":"2024-06-19T12:46:42","date_gmt":"2024-06-19T12:46:42","guid":{"rendered":"https:\/\/usadosembomestado.pt\/?post_type=product&#038;p=901"},"modified":"2024-06-19T12:46:42","modified_gmt":"2024-06-19T12:46:42","slug":"banco-auto-crianca","status":"publish","type":"product","link":"http:\/\/usadosembomestado.pt\/?product=banco-auto-crianca","title":{"rendered":"Banco auto crian\u00e7a"},"content":{"rendered":"<blockquote><p>Banco autom\u00f3vel para crian\u00e7a<\/p><\/blockquote>\n","protected":false},"excerpt":{"rendered":"<p>Banco autom\u00f3vel para crian\u00e7a<\/p>\n","protected":false},"featured_media":902,"comment_status":"open","ping_status":"closed","template":"","meta":{"_siteseo_robots_primary_cat":""},"product_cat":[23],"product_tag":[],"class_list":{"0":"post-901","1":"product","2":"type-product","3":"status-publish","4":"has-post-thumbnail","6":"product_cat-mesas-e-cadeiras","8":"first","9":"instock","10":"shipping-taxable","11":"purchasable","12":"product-type-simple"},"_links":{"self":[{"href":"http:\/\/usadosembomestado.pt\/index.php?rest_route=\/wp\/v2\/product\/901","targetHints":{"allow":["GET"]}}],"collection":[{"href":"http:\/\/usadosembomestado.pt\/index.php?rest_route=\/wp\/v2\/product"}],"about":[{"href":"http:\/\/usadosembomestado.pt\/index.php?rest_route=\/wp\/v2\/types\/product"}],"replies":[{"embeddable":true,"href":"http:\/\/usadosembomestado.pt\/index.php?rest_route=%2Fwp%2Fv2%2Fcomments&post=901"}],"wp:featuredmedia":[{"embeddable":true,"href":"http:\/\/usadosembomestado.pt\/index.php?rest_route=\/wp\/v2\/media\/902"}],"wp:attachment":[{"href":"http:\/\/usadosembomestado.pt\/index.php?rest_route=%2Fwp%2Fv2%2Fmedia&parent=901"}],"wp:term":[{"taxonomy":"product_cat","embeddable":true,"href":"http:\/\/usadosembomestado.pt\/index.php?rest_route=%2Fwp%2Fv2%2Fproduct_cat&post=901"},{"taxonomy":"product_tag","embeddable":true,"href":"http:\/\/usadosembomestado.pt\/index.php?rest_route=%2Fwp%2Fv2%2Fproduct_tag&post=901"}],"curies":[{"name":"wp","href":"https:\/\/api.w.org\/{rel}","templated":true}]}}

Banco auto criança

<blockquote><p>Banco automóvel para criança</p></blockquote>

<p>Banco automóvel para criança</p>
