{"id":701,"date":"2024-06-11T23:06:32","date_gmt":"2024-06-11T23:06:32","guid":{"rendered":"https:\/\/usadosembomestado.pt\/?post_type=product&#038;p=701"},"modified":"2024-06-11T23:06:33","modified_gmt":"2024-06-11T23:06:33","slug":"circulo-de-leitores-varios-2","status":"publish","type":"product","link":"http:\/\/usadosembomestado.pt\/?product=circulo-de-leitores-varios-2","title":{"rendered":"Circulo de leitores varios"},"content":{"rendered":"<p>Paulo Pereira<br \/>\nEnigmas<br \/>\nLugares m\u00e1gicos de Portugal<br \/>\n-idades do ouro<br \/>\n-montes sagrados, altos lugares e santu\u00e1rios<br \/>\n-cabos do mundo e finisterras<br \/>\n-paraisos perdidos e terras prometidas<br \/>\n-Templ\u00e1rios e templ\u00e1rismos<br \/>\n-paisagens arcaicas<br \/>\n-arquitecturas sagradas<br \/>\n-esp\u00edrito da terra<\/p>\n<p>M\u00f3nica Bello<br \/>\nEnigmas<br \/>\nA costa dos tesouros 2x<\/p>\n","protected":false},"excerpt":{"rendered":"<p>Paulo Pereira Enigmas Lugares m\u00e1gicos de Portugal -idades do ouro -montes sagrados, altos lugares e santu\u00e1rios -cabos do mundo e finisterras -paraisos perdidos e terras prometidas -Templ\u00e1rios e templ\u00e1rismos -paisagens [&hellip;]<\/p>\n","protected":false},"featured_media":700,"comment_status":"open","ping_status":"closed","template":"","meta":{"_siteseo_robots_primary_cat":""},"product_cat":[15],"product_tag":[],"class_list":{"0":"post-701","1":"product","2":"type-product","3":"status-publish","4":"has-post-thumbnail","6":"product_cat-sem-categoria","8":"first","9":"instock","10":"shipping-taxable","11":"purchasable","12":"product-type-simple"},"_links":{"self":[{"href":"http:\/\/usadosembomestado.pt\/index.php?rest_route=\/wp\/v2\/product\/701","targetHints":{"allow":["GET"]}}],"collection":[{"href":"http:\/\/usadosembomestado.pt\/index.php?rest_route=\/wp\/v2\/product"}],"about":[{"href":"http:\/\/usadosembomestado.pt\/index.php?rest_route=\/wp\/v2\/types\/product"}],"replies":[{"embeddable":true,"href":"http:\/\/usadosembomestado.pt\/index.php?rest_route=%2Fwp%2Fv2%2Fcomments&post=701"}],"wp:featuredmedia":[{"embeddable":true,"href":"http:\/\/usadosembomestado.pt\/index.php?rest_route=\/wp\/v2\/media\/700"}],"wp:attachment":[{"href":"http:\/\/usadosembomestado.pt\/index.php?rest_route=%2Fwp%2Fv2%2Fmedia&parent=701"}],"wp:term":[{"taxonomy":"product_cat","embeddable":true,"href":"http:\/\/usadosembomestado.pt\/index.php?rest_route=%2Fwp%2Fv2%2Fproduct_cat&post=701"},{"taxonomy":"product_tag","embeddable":true,"href":"http:\/\/usadosembomestado.pt\/index.php?rest_route=%2Fwp%2Fv2%2Fproduct_tag&post=701"}],"curies":[{"name":"wp","href":"https:\/\/api.w.org\/{rel}","templated":true}]}}

<p>Paulo Pereira<br />
Enigmas<br />
Lugares mágicos de Portugal<br />
-idades do ouro<br />
-montes sagrados, altos lugares e santuários<br />
-cabos do mundo e finisterras<br />
-paraisos perdidos e terras prometidas<br />
-Templários e templárismos<br />
-paisagens arcaicas<br />
-arquitecturas sagradas<br />
-espírito da terra</p>
<p>Mónica Bello<br />
Enigmas<br />
A costa dos tesouros 2x</p>

<p>Paulo Pereira Enigmas Lugares mágicos de Portugal -idades do ouro -montes sagrados, altos lugares e santuários -cabos do mundo e finisterras -paraisos perdidos e terras prometidas -Templários e templárismos -paisagens [&hellip;]</p>
