{"id":461,"date":"2024-06-09T16:11:28","date_gmt":"2024-06-09T16:11:28","guid":{"rendered":"https:\/\/usadosembomestado.pt\/?post_type=product&#038;p=461"},"modified":"2024-06-09T16:12:08","modified_gmt":"2024-06-09T16:12:08","slug":"lavatorio-em-aluminio","status":"publish","type":"product","link":"http:\/\/usadosembomestado.pt\/?product=lavatorio-em-aluminio","title":{"rendered":"Lavat\u00f3rio em alum\u00ednio"},"content":{"rendered":"<p>Lavat\u00f3rio em alum\u00ednio com torneira e tubagens<br \/>\nMedidas 70&#215;50<br \/>\nFundo+-35<\/p>\n","protected":false},"excerpt":{"rendered":"<p>Lavat\u00f3rio em alum\u00ednio com torneira e tubagens Medidas 70&#215;50 Fundo+-35<\/p>\n","protected":false},"featured_media":462,"comment_status":"open","ping_status":"closed","template":"","meta":{"_siteseo_robots_primary_cat":"15"},"product_cat":[15,18,24],"product_tag":[],"class_list":{"0":"post-461","1":"product","2":"type-product","3":"status-publish","4":"has-post-thumbnail","6":"product_cat-sem-categoria","7":"product_cat-construcao-e-bricolage","8":"product_cat-maquinas","10":"first","11":"instock","12":"shipping-taxable","13":"purchasable","14":"product-type-simple"},"_links":{"self":[{"href":"http:\/\/usadosembomestado.pt\/index.php?rest_route=\/wp\/v2\/product\/461","targetHints":{"allow":["GET"]}}],"collection":[{"href":"http:\/\/usadosembomestado.pt\/index.php?rest_route=\/wp\/v2\/product"}],"about":[{"href":"http:\/\/usadosembomestado.pt\/index.php?rest_route=\/wp\/v2\/types\/product"}],"replies":[{"embeddable":true,"href":"http:\/\/usadosembomestado.pt\/index.php?rest_route=%2Fwp%2Fv2%2Fcomments&post=461"}],"wp:featuredmedia":[{"embeddable":true,"href":"http:\/\/usadosembomestado.pt\/index.php?rest_route=\/wp\/v2\/media\/462"}],"wp:attachment":[{"href":"http:\/\/usadosembomestado.pt\/index.php?rest_route=%2Fwp%2Fv2%2Fmedia&parent=461"}],"wp:term":[{"taxonomy":"product_cat","embeddable":true,"href":"http:\/\/usadosembomestado.pt\/index.php?rest_route=%2Fwp%2Fv2%2Fproduct_cat&post=461"},{"taxonomy":"product_tag","embeddable":true,"href":"http:\/\/usadosembomestado.pt\/index.php?rest_route=%2Fwp%2Fv2%2Fproduct_tag&post=461"}],"curies":[{"name":"wp","href":"https:\/\/api.w.org\/{rel}","templated":true}]}}

Lavatório em alumínio

<p>Lavatório em alumínio com torneira e tubagens<br />
Medidas 70&#215;50<br />
Fundo+-35</p>

<p>Lavatório em alumínio com torneira e tubagens Medidas 70&#215;50 Fundo+-35</p>
