{"id":330,"date":"2024-06-02T13:00:11","date_gmt":"2024-06-02T13:00:11","guid":{"rendered":"https:\/\/usadosembomestado.pt\/?post_type=product&#038;p=330"},"modified":"2024-06-02T13:00:11","modified_gmt":"2024-06-02T13:00:11","slug":"pecas-seat-ibiza-glx","status":"publish","type":"product","link":"http:\/\/usadosembomestado.pt\/?product=pecas-seat-ibiza-glx","title":{"rendered":"Pe\u00e7as seat Ibiza glx"},"content":{"rendered":"<p>Pe\u00e7as para ibiza glx(azul escuro) sem catalisador!<br \/>\nFarois de nevoeiro, para-choques da frente, para choques traseiro pl\u00e1sticos traseiros, entre outros!<br \/>\nJ\u00e1 vendido:<br \/>\nGrelha da frente<br \/>\nServo freio<br \/>\nFarois nevoeiro<br \/>\nAmortecedores<br \/>\nFarol esquerdo dianteiro<\/p>\n","protected":false},"excerpt":{"rendered":"<p>Pe\u00e7as para ibiza glx(azul escuro) sem catalisador! Farois de nevoeiro, para-choques da frente, para choques traseiro pl\u00e1sticos traseiros, entre outros! J\u00e1 vendido: Grelha da frente Servo freio Farois nevoeiro Amortecedores [&hellip;]<\/p>\n","protected":false},"featured_media":331,"comment_status":"open","ping_status":"closed","template":"","meta":{"_siteseo_robots_primary_cat":""},"product_cat":[15],"product_tag":[],"class_list":{"0":"post-330","1":"product","2":"type-product","3":"status-publish","4":"has-post-thumbnail","6":"product_cat-sem-categoria","8":"first","9":"instock","10":"shipping-taxable","11":"purchasable","12":"product-type-simple"},"_links":{"self":[{"href":"http:\/\/usadosembomestado.pt\/index.php?rest_route=\/wp\/v2\/product\/330","targetHints":{"allow":["GET"]}}],"collection":[{"href":"http:\/\/usadosembomestado.pt\/index.php?rest_route=\/wp\/v2\/product"}],"about":[{"href":"http:\/\/usadosembomestado.pt\/index.php?rest_route=\/wp\/v2\/types\/product"}],"replies":[{"embeddable":true,"href":"http:\/\/usadosembomestado.pt\/index.php?rest_route=%2Fwp%2Fv2%2Fcomments&post=330"}],"wp:featuredmedia":[{"embeddable":true,"href":"http:\/\/usadosembomestado.pt\/index.php?rest_route=\/wp\/v2\/media\/331"}],"wp:attachment":[{"href":"http:\/\/usadosembomestado.pt\/index.php?rest_route=%2Fwp%2Fv2%2Fmedia&parent=330"}],"wp:term":[{"taxonomy":"product_cat","embeddable":true,"href":"http:\/\/usadosembomestado.pt\/index.php?rest_route=%2Fwp%2Fv2%2Fproduct_cat&post=330"},{"taxonomy":"product_tag","embeddable":true,"href":"http:\/\/usadosembomestado.pt\/index.php?rest_route=%2Fwp%2Fv2%2Fproduct_tag&post=330"}],"curies":[{"name":"wp","href":"https:\/\/api.w.org\/{rel}","templated":true}]}}

Peças seat Ibiza glx

<p>Peças para ibiza glx(azul escuro) sem catalisador!<br />
Farois de nevoeiro, para-choques da frente, para choques traseiro plásticos traseiros, entre outros!<br />
Já vendido:<br />
Grelha da frente<br />
Servo freio<br />
Farois nevoeiro<br />
Amortecedores<br />
Farol esquerdo dianteiro</p>

<p>Peças para ibiza glx(azul escuro) sem catalisador! Farois de nevoeiro, para-choques da frente, para choques traseiro plásticos traseiros, entre outros! Já vendido: Grelha da frente Servo freio Farois nevoeiro Amortecedores [&hellip;]</p>
