{"id":2636,"date":"2026-02-24T20:35:52","date_gmt":"2026-02-24T20:35:52","guid":{"rendered":"https:\/\/usadosembomestado.pt\/?post_type=product&#038;p=2636"},"modified":"2026-02-24T21:08:27","modified_gmt":"2026-02-24T21:08:27","slug":"pratos-colecoes-philae-edicao-limitada","status":"publish","type":"product","link":"http:\/\/usadosembomestado.pt\/?product=pratos-colecoes-philae-edicao-limitada","title":{"rendered":"Pratos Cole\u00e7\u00f5es Philae edi\u00e7\u00e3o limitada"},"content":{"rendered":"<p>Pratos Cole\u00e7\u00f5es Philae edi\u00e7\u00e3o limitada, 20\u20ac cada.<\/p>\n","protected":false},"excerpt":{"rendered":"<p>Pratos Cole\u00e7\u00f5es Philae edi\u00e7\u00e3o limitada, 20\u20ac cada.<\/p>\n","protected":false},"featured_media":2612,"comment_status":"open","ping_status":"closed","template":"","meta":{"_siteseo_robots_primary_cat":"15"},"product_cat":[15,28],"product_tag":[],"class_list":{"0":"post-2636","1":"product","2":"type-product","3":"status-publish","4":"has-post-thumbnail","6":"product_cat-sem-categoria","7":"product_cat-velharias-e-antiguidades","9":"first","10":"instock","11":"shipping-taxable","12":"purchasable","13":"product-type-simple"},"_links":{"self":[{"href":"http:\/\/usadosembomestado.pt\/index.php?rest_route=\/wp\/v2\/product\/2636","targetHints":{"allow":["GET"]}}],"collection":[{"href":"http:\/\/usadosembomestado.pt\/index.php?rest_route=\/wp\/v2\/product"}],"about":[{"href":"http:\/\/usadosembomestado.pt\/index.php?rest_route=\/wp\/v2\/types\/product"}],"replies":[{"embeddable":true,"href":"http:\/\/usadosembomestado.pt\/index.php?rest_route=%2Fwp%2Fv2%2Fcomments&post=2636"}],"wp:featuredmedia":[{"embeddable":true,"href":"http:\/\/usadosembomestado.pt\/index.php?rest_route=\/wp\/v2\/media\/2612"}],"wp:attachment":[{"href":"http:\/\/usadosembomestado.pt\/index.php?rest_route=%2Fwp%2Fv2%2Fmedia&parent=2636"}],"wp:term":[{"taxonomy":"product_cat","embeddable":true,"href":"http:\/\/usadosembomestado.pt\/index.php?rest_route=%2Fwp%2Fv2%2Fproduct_cat&post=2636"},{"taxonomy":"product_tag","embeddable":true,"href":"http:\/\/usadosembomestado.pt\/index.php?rest_route=%2Fwp%2Fv2%2Fproduct_tag&post=2636"}],"curies":[{"name":"wp","href":"https:\/\/api.w.org\/{rel}","templated":true}]}}

Pratos Coleções Philae edição limitada

<p>Pratos Coleções Philae edição limitada, 20€ cada.</p>
