{"id":2258,"date":"2025-09-23T15:08:07","date_gmt":"2025-09-23T15:08:07","guid":{"rendered":"https:\/\/usadosembomestado.pt\/?post_type=product&#038;p=2258"},"modified":"2026-02-06T13:57:20","modified_gmt":"2026-02-06T13:57:20","slug":"comoda-antiga-com-espelho-tampo-marmore-e-cabeceira","status":"publish","type":"product","link":"http:\/\/usadosembomestado.pt\/?product=comoda-antiga-com-espelho-tampo-marmore-e-cabeceira","title":{"rendered":"C\u00f3moda antiga com espelho tampo m\u00e1rmore , e cabeceira"},"content":{"rendered":"<p>C\u00f3moda antiga com espelho tampo m\u00e1rmore<\/p>\n<p>Medidas: 1,13&#215;55,91 altura espelho 1,30<\/p>\n<p>Mesa de cabeceira que faz conjunto<\/p>\n","protected":false},"excerpt":{"rendered":"<p>C\u00f3moda antiga com espelho tampo m\u00e1rmore Medidas: 1,13&#215;55,91 altura espelho 1,30 Mesa de cabeceira que faz conjunto<\/p>\n","protected":false},"featured_media":2253,"comment_status":"open","ping_status":"closed","template":"","meta":{"_siteseo_robots_primary_cat":""},"product_cat":[15,27],"product_tag":[],"class_list":{"0":"post-2258","1":"product","2":"type-product","3":"status-publish","4":"has-post-thumbnail","6":"product_cat-sem-categoria","7":"product_cat-mobiliario","9":"first","10":"instock","11":"shipping-taxable","12":"purchasable","13":"product-type-simple"},"_links":{"self":[{"href":"http:\/\/usadosembomestado.pt\/index.php?rest_route=\/wp\/v2\/product\/2258","targetHints":{"allow":["GET"]}}],"collection":[{"href":"http:\/\/usadosembomestado.pt\/index.php?rest_route=\/wp\/v2\/product"}],"about":[{"href":"http:\/\/usadosembomestado.pt\/index.php?rest_route=\/wp\/v2\/types\/product"}],"replies":[{"embeddable":true,"href":"http:\/\/usadosembomestado.pt\/index.php?rest_route=%2Fwp%2Fv2%2Fcomments&post=2258"}],"wp:featuredmedia":[{"embeddable":true,"href":"http:\/\/usadosembomestado.pt\/index.php?rest_route=\/wp\/v2\/media\/2253"}],"wp:attachment":[{"href":"http:\/\/usadosembomestado.pt\/index.php?rest_route=%2Fwp%2Fv2%2Fmedia&parent=2258"}],"wp:term":[{"taxonomy":"product_cat","embeddable":true,"href":"http:\/\/usadosembomestado.pt\/index.php?rest_route=%2Fwp%2Fv2%2Fproduct_cat&post=2258"},{"taxonomy":"product_tag","embeddable":true,"href":"http:\/\/usadosembomestado.pt\/index.php?rest_route=%2Fwp%2Fv2%2Fproduct_tag&post=2258"}],"curies":[{"name":"wp","href":"https:\/\/api.w.org\/{rel}","templated":true}]}}

Cómoda antiga com espelho tampo mármore , e cabeceira

<p>Cómoda antiga com espelho tampo mármore</p>
<p>Medidas: 1,13&#215;55,91 altura espelho 1,30</p>
<p>Mesa de cabeceira que faz conjunto</p>

<p>Cómoda antiga com espelho tampo mármore Medidas: 1,13&#215;55,91 altura espelho 1,30 Mesa de cabeceira que faz conjunto</p>
