{"id":2215,"date":"2025-09-21T23:09:14","date_gmt":"2025-09-21T23:09:14","guid":{"rendered":"https:\/\/usadosembomestado.pt\/?post_type=product&#038;p=2215"},"modified":"2025-09-21T23:32:25","modified_gmt":"2025-09-21T23:32:25","slug":"secretaria-ikea-pes-roscantes","status":"publish","type":"product","link":"http:\/\/usadosembomestado.pt\/?product=secretaria-ikea-pes-roscantes","title":{"rendered":"Secret\u00e1ria IKEA p\u00e9s roscantes"},"content":{"rendered":"<p>Secret\u00e1ria ikea p\u00e9s roscantes vika amon 1,20x60x74<\/p>\n","protected":false},"excerpt":{"rendered":"<p>Secret\u00e1ria ikea p\u00e9s roscantes vika amon 1,20x60x74<\/p>\n","protected":false},"featured_media":2161,"comment_status":"open","ping_status":"closed","template":"","meta":{"_siteseo_robots_primary_cat":"15"},"product_cat":[15,23],"product_tag":[],"class_list":{"0":"post-2215","1":"product","2":"type-product","3":"status-publish","4":"has-post-thumbnail","6":"product_cat-sem-categoria","7":"product_cat-mesas-e-cadeiras","9":"first","10":"instock","11":"shipping-taxable","12":"purchasable","13":"product-type-simple"},"_links":{"self":[{"href":"http:\/\/usadosembomestado.pt\/index.php?rest_route=\/wp\/v2\/product\/2215","targetHints":{"allow":["GET"]}}],"collection":[{"href":"http:\/\/usadosembomestado.pt\/index.php?rest_route=\/wp\/v2\/product"}],"about":[{"href":"http:\/\/usadosembomestado.pt\/index.php?rest_route=\/wp\/v2\/types\/product"}],"replies":[{"embeddable":true,"href":"http:\/\/usadosembomestado.pt\/index.php?rest_route=%2Fwp%2Fv2%2Fcomments&post=2215"}],"wp:featuredmedia":[{"embeddable":true,"href":"http:\/\/usadosembomestado.pt\/index.php?rest_route=\/wp\/v2\/media\/2161"}],"wp:attachment":[{"href":"http:\/\/usadosembomestado.pt\/index.php?rest_route=%2Fwp%2Fv2%2Fmedia&parent=2215"}],"wp:term":[{"taxonomy":"product_cat","embeddable":true,"href":"http:\/\/usadosembomestado.pt\/index.php?rest_route=%2Fwp%2Fv2%2Fproduct_cat&post=2215"},{"taxonomy":"product_tag","embeddable":true,"href":"http:\/\/usadosembomestado.pt\/index.php?rest_route=%2Fwp%2Fv2%2Fproduct_tag&post=2215"}],"curies":[{"name":"wp","href":"https:\/\/api.w.org\/{rel}","templated":true}]}}