{"id":1794,"date":"2025-04-25T16:24:15","date_gmt":"2025-04-25T16:24:15","guid":{"rendered":"https:\/\/usadosembomestado.pt\/?post_type=product&#038;p=1794"},"modified":"2025-08-17T15:20:34","modified_gmt":"2025-08-17T15:20:34","slug":"carimbos-antigos-escola","status":"publish","type":"product","link":"http:\/\/usadosembomestado.pt\/?product=carimbos-antigos-escola","title":{"rendered":"Carimbos antigos escola"},"content":{"rendered":"<p>Diversos carimbos did\u00e1ticos escola, colecionaveis.<\/p>\n<p>Marca: Agata<\/p>\n<p>valores a combinar.<\/p>\n<p>&nbsp;<\/p>\n<p>O vinho<br \/>\nA l\u00e3<br \/>\nO p\u00e3o<br \/>\nVestu\u00e1rio<br \/>\nLeitura e escrita 9x<br \/>\nCorpo humano<br \/>\nProfiss\u00f5es<br \/>\nGermina\u00e7\u00e3o<br \/>\nAlfabeto 2x<br \/>\nHabita\u00e7\u00f5es<br \/>\nInflu\u00eancia do homem ambiente<br \/>\nConjuntos<br \/>\nTransito<br \/>\nBicho da seda<br \/>\nN\u00fameros<br \/>\nSeguran\u00e7a<br \/>\nNotas<br \/>\nConserva\u00e7\u00e3o alimentos<br \/>\nAs comunica\u00e7\u00f5es<br \/>\nMeses do ano<br \/>\nConstru\u00e7\u00e3o da casa<br \/>\nA higiene<br \/>\nProfiss\u00f5es<br \/>\nO sal<br \/>\nAbelhas<br \/>\n\u00c1gua<br \/>\nObserva\u00e7\u00e3o<br \/>\nRa\u00e7as humanas<br \/>\nOvo<br \/>\nLeite<br \/>\nConta a hist\u00f3ria<br \/>\nNumera\u00e7\u00e3o figurada<br \/>\nLeituras escrita<br \/>\nPicagem<br \/>\nAlimentos<\/p>\n","protected":false},"excerpt":{"rendered":"<p>Diversos carimbos did\u00e1ticos escola, colecionaveis. Marca: Agata valores a combinar. &nbsp; O vinho A l\u00e3 O p\u00e3o Vestu\u00e1rio Leitura e escrita 9x Corpo humano Profiss\u00f5es Germina\u00e7\u00e3o Alfabeto 2x Habita\u00e7\u00f5es Influ\u00eancia [&hellip;]<\/p>\n","protected":false},"featured_media":1796,"comment_status":"open","ping_status":"closed","template":"","meta":{"_siteseo_robots_primary_cat":"15"},"product_cat":[15],"product_tag":[],"class_list":{"0":"post-1794","1":"product","2":"type-product","3":"status-publish","4":"has-post-thumbnail","6":"product_cat-sem-categoria","8":"first","9":"instock","10":"shipping-taxable","11":"purchasable","12":"product-type-simple"},"_links":{"self":[{"href":"http:\/\/usadosembomestado.pt\/index.php?rest_route=\/wp\/v2\/product\/1794","targetHints":{"allow":["GET"]}}],"collection":[{"href":"http:\/\/usadosembomestado.pt\/index.php?rest_route=\/wp\/v2\/product"}],"about":[{"href":"http:\/\/usadosembomestado.pt\/index.php?rest_route=\/wp\/v2\/types\/product"}],"replies":[{"embeddable":true,"href":"http:\/\/usadosembomestado.pt\/index.php?rest_route=%2Fwp%2Fv2%2Fcomments&post=1794"}],"wp:featuredmedia":[{"embeddable":true,"href":"http:\/\/usadosembomestado.pt\/index.php?rest_route=\/wp\/v2\/media\/1796"}],"wp:attachment":[{"href":"http:\/\/usadosembomestado.pt\/index.php?rest_route=%2Fwp%2Fv2%2Fmedia&parent=1794"}],"wp:term":[{"taxonomy":"product_cat","embeddable":true,"href":"http:\/\/usadosembomestado.pt\/index.php?rest_route=%2Fwp%2Fv2%2Fproduct_cat&post=1794"},{"taxonomy":"product_tag","embeddable":true,"href":"http:\/\/usadosembomestado.pt\/index.php?rest_route=%2Fwp%2Fv2%2Fproduct_tag&post=1794"}],"curies":[{"name":"wp","href":"https:\/\/api.w.org\/{rel}","templated":true}]}}

<p>Diversos carimbos didáticos escola, colecionaveis.</p>
<p>Marca: Agata</p>
<p>valores a combinar.</p>
<p>&nbsp;</p>
<p>O vinho<br />
A lã<br />
O pão<br />
Vestuário<br />
Leitura e escrita 9x<br />
Corpo humano<br />
Profissões<br />
Germinação<br />
Alfabeto 2x<br />
Habitações<br />
Influência do homem ambiente<br />
Conjuntos<br />
Transito<br />
Bicho da seda<br />
Números<br />
Segurança<br />
Notas<br />
Conservação alimentos<br />
As comunicações<br />
Meses do ano<br />
Construção da casa<br />
A higiene<br />
Profissões<br />
O sal<br />
Abelhas<br />
Água<br />
Observação<br />
Raças humanas<br />
Ovo<br />
Leite<br />
Conta a história<br />
Numeração figurada<br />
Leituras escrita<br />
Picagem<br />
Alimentos</p>

<p>Diversos carimbos didáticos escola, colecionaveis. Marca: Agata valores a combinar. &nbsp; O vinho A lã O pão Vestuário Leitura e escrita 9x Corpo humano Profissões Germinação Alfabeto 2x Habitações Influência [&hellip;]</p>
