{"id":1784,"date":"2025-04-18T23:08:19","date_gmt":"2025-04-18T23:08:19","guid":{"rendered":"https:\/\/usadosembomestado.pt\/?post_type=product&#038;p=1784"},"modified":"2025-04-18T23:08:19","modified_gmt":"2025-04-18T23:08:19","slug":"cama-de-casal-180x130-com-colchao","status":"publish","type":"product","link":"http:\/\/usadosembomestado.pt\/?product=cama-de-casal-180x130-com-colchao","title":{"rendered":"Cama de casal 1,80&#215;1,30 com colch\u00e3o"},"content":{"rendered":"<p>Cama de casal 1,80&#215;1,30 com colch\u00e3o de espuma<\/p>\n<p>Estrado regul\u00e1vel por\u00e9m tem as liga\u00e7oes cortadas<\/p>\n","protected":false},"excerpt":{"rendered":"<p>Cama de casal 1,80&#215;1,30 com colch\u00e3o de espuma Estrado regul\u00e1vel por\u00e9m tem as liga\u00e7oes cortadas<\/p>\n","protected":false},"featured_media":1779,"comment_status":"open","ping_status":"closed","template":"","meta":{"_siteseo_robots_primary_cat":""},"product_cat":[15,20],"product_tag":[],"class_list":{"0":"post-1784","1":"product","2":"type-product","3":"status-publish","4":"has-post-thumbnail","6":"product_cat-sem-categoria","7":"product_cat-camas","9":"first","10":"instock","11":"shipping-taxable","12":"purchasable","13":"product-type-simple"},"_links":{"self":[{"href":"http:\/\/usadosembomestado.pt\/index.php?rest_route=\/wp\/v2\/product\/1784","targetHints":{"allow":["GET"]}}],"collection":[{"href":"http:\/\/usadosembomestado.pt\/index.php?rest_route=\/wp\/v2\/product"}],"about":[{"href":"http:\/\/usadosembomestado.pt\/index.php?rest_route=\/wp\/v2\/types\/product"}],"replies":[{"embeddable":true,"href":"http:\/\/usadosembomestado.pt\/index.php?rest_route=%2Fwp%2Fv2%2Fcomments&post=1784"}],"wp:featuredmedia":[{"embeddable":true,"href":"http:\/\/usadosembomestado.pt\/index.php?rest_route=\/wp\/v2\/media\/1779"}],"wp:attachment":[{"href":"http:\/\/usadosembomestado.pt\/index.php?rest_route=%2Fwp%2Fv2%2Fmedia&parent=1784"}],"wp:term":[{"taxonomy":"product_cat","embeddable":true,"href":"http:\/\/usadosembomestado.pt\/index.php?rest_route=%2Fwp%2Fv2%2Fproduct_cat&post=1784"},{"taxonomy":"product_tag","embeddable":true,"href":"http:\/\/usadosembomestado.pt\/index.php?rest_route=%2Fwp%2Fv2%2Fproduct_tag&post=1784"}],"curies":[{"name":"wp","href":"https:\/\/api.w.org\/{rel}","templated":true}]}}